{"id":3484,"date":"2024-06-17T18:01:37","date_gmt":"2024-06-17T16:01:37","guid":{"rendered":"https:\/\/www.lapiquesse.fr\/?page_id=3484"},"modified":"2024-06-17T18:14:07","modified_gmt":"2024-06-17T16:14:07","slug":"affiches","status":"publish","type":"page","link":"https:\/\/www.lapiquesse.fr\/index.php\/affiches\/","title":{"rendered":"Affiches"},"content":{"rendered":"\n<p>Les affiches sont des reproductions de peinture acrylique r\u00e9alis\u00e9es dans mon atelier \u00e0 Plogoff<\/p>\n\n\n\n<p>Le th\u00e8me est celui de la faune marine, l\u2019impression est r\u00e9alis\u00e9e par un imprimeur Breton labellis\u00e9 imprim\u2019vert, il travaille avec des encres v\u00e9g\u00e9tales et promeut l\u2019\u00e9co impression.<\/p>\n\n\n\n<p>Il s\u2019agit de papier de cr\u00e9ation de haute qualit\u00e9 certifi\u00e9 100% FSC (forest stewardship council) il certifie que le papier est fabriqu\u00e9 \u00e0 partir de fibre de bois provenant de sources responsables.<\/p>\n","protected":false},"excerpt":{"rendered":"<p>Les affiches sont des reproductions de peinture acrylique r\u00e9alis\u00e9es dans mon atelier \u00e0 Plogoff Le th\u00e8me est celui de la faune marine, l\u2019impression est r\u00e9alis\u00e9e par un imprimeur Breton labellis\u00e9 imprim\u2019vert, il travaille avec des encres v\u00e9g\u00e9tales et promeut l\u2019\u00e9co impression. Il s\u2019agit de papier de cr\u00e9ation de haute qualit\u00e9 certifi\u00e9 100% FSC (forest stewardship [&hellip;]<\/p>\n","protected":false},"author":1,"featured_media":0,"parent":0,"menu_order":0,"comment_status":"closed","ping_status":"closed","template":"","meta":[],"aioseo_notices":[],"_links":{"self":[{"href":"https:\/\/www.lapiquesse.fr\/index.php\/wp-json\/wp\/v2\/pages\/3484"}],"collection":[{"href":"https:\/\/www.lapiquesse.fr\/index.php\/wp-json\/wp\/v2\/pages"}],"about":[{"href":"https:\/\/www.lapiquesse.fr\/index.php\/wp-json\/wp\/v2\/types\/page"}],"author":[{"embeddable":true,"href":"https:\/\/www.lapiquesse.fr\/index.php\/wp-json\/wp\/v2\/users\/1"}],"replies":[{"embeddable":true,"href":"https:\/\/www.lapiquesse.fr\/index.php\/wp-json\/wp\/v2\/comments?post=3484"}],"version-history":[{"count":2,"href":"https:\/\/www.lapiquesse.fr\/index.php\/wp-json\/wp\/v2\/pages\/3484\/revisions"}],"predecessor-version":[{"id":3488,"href":"https:\/\/www.lapiquesse.fr\/index.php\/wp-json\/wp\/v2\/pages\/3484\/revisions\/3488"}],"wp:attachment":[{"href":"https:\/\/www.lapiquesse.fr\/index.php\/wp-json\/wp\/v2\/media?parent=3484"}],"curies":[{"name":"wp","href":"https:\/\/api.w.org\/{rel}","templated":true}]}}