{"id":1251,"date":"2020-03-15T13:44:15","date_gmt":"2020-03-15T12:44:15","guid":{"rendered":"https:\/\/www.lapiquesse.fr\/?post_type=product&#038;p=1251"},"modified":"2025-11-30T19:58:16","modified_gmt":"2025-11-30T18:58:16","slug":"peinture-easy-la-pieuvre-peps","status":"publish","type":"product","link":"https:\/\/www.lapiquesse.fr\/index.php\/produit\/peinture-easy-la-pieuvre-peps\/","title":{"rendered":"Peinture harry la pieuvre"},"content":{"rendered":"<p>Cadre 20 x \u00a020 cm<\/p>\n<p>Carton entoil\u00e9 recouvert d&#8217;une page de livre et d&#8217;une peinture acrylique<\/p>\n<p>Attention l&#8217;originale par rapport \u00e0 la photo est rouge plus fonc\u00e9 !!!<\/p>\n<p>Fermeture par une vitre, un carton bois et du kraft (double \u00e9paisseur)<\/p>\n<p>Toutes mes toiles sont sign\u00e9es Zaza et sont certifi\u00e9es authentique au dos du cadre<\/p>\n<p>Accroche dor\u00e9 au dos<\/p>\n<p>Poids 340 gr<\/p>\n","protected":false},"excerpt":{"rendered":"<p>Cadre 20 x \u00a020 cm Carton entoil\u00e9 recouvert d&#8217;une page de livre et d&#8217;une peinture acrylique Attention l&#8217;originale par rapport \u00e0 la photo est rouge plus fonc\u00e9 !!! Fermeture par une vitre, un carton bois et du kraft (double \u00e9paisseur) Toutes mes toiles sont sign\u00e9es Zaza et sont certifi\u00e9es authentique au dos du cadre Accroche [&hellip;]<\/p>\n","protected":false},"featured_media":1941,"template":"","meta":[],"product_cat":[29],"product_tag":[],"aioseo_notices":[],"_links":{"self":[{"href":"https:\/\/www.lapiquesse.fr\/index.php\/wp-json\/wp\/v2\/product\/1251"}],"collection":[{"href":"https:\/\/www.lapiquesse.fr\/index.php\/wp-json\/wp\/v2\/product"}],"about":[{"href":"https:\/\/www.lapiquesse.fr\/index.php\/wp-json\/wp\/v2\/types\/product"}],"wp:featuredmedia":[{"embeddable":true,"href":"https:\/\/www.lapiquesse.fr\/index.php\/wp-json\/wp\/v2\/media\/1941"}],"wp:attachment":[{"href":"https:\/\/www.lapiquesse.fr\/index.php\/wp-json\/wp\/v2\/media?parent=1251"}],"wp:term":[{"taxonomy":"product_cat","embeddable":true,"href":"https:\/\/www.lapiquesse.fr\/index.php\/wp-json\/wp\/v2\/product_cat?post=1251"},{"taxonomy":"product_tag","embeddable":true,"href":"https:\/\/www.lapiquesse.fr\/index.php\/wp-json\/wp\/v2\/product_tag?post=1251"}],"curies":[{"name":"wp","href":"https:\/\/api.w.org\/{rel}","templated":true}]}}