{"id":1935,"date":"2020-07-13T20:18:39","date_gmt":"2020-07-13T18:18:39","guid":{"rendered":"https:\/\/www.lapiquesse.fr\/?post_type=product&#038;p=1935"},"modified":"2025-11-30T19:59:29","modified_gmt":"2025-11-30T18:59:29","slug":"a-peinture-les-bonnets-rouges","status":"publish","type":"product","link":"https:\/\/www.lapiquesse.fr\/index.php\/produit\/a-peinture-les-bonnets-rouges\/","title":{"rendered":"Peinture les bonnets rouges"},"content":{"rendered":"<p>Cadre 20 x \u00a020 cm<\/p>\n<p>Carton entoil\u00e9 d&#8217;une peinture acrylique<\/p>\n<p>Passe-partout et beau papier<\/p>\n<p>Fermeture par une vitre, un carton bois et du kraft (double \u00e9paisseur)<\/p>\n<p>Toutes mes toiles sont sign\u00e9es Zaza et sont certifi\u00e9es authentique au dos du cadre<\/p>\n<p>Accroche dor\u00e9 au dos<\/p>\n<p>Poids 340 gr<\/p>\n","protected":false},"excerpt":{"rendered":"<p>Cadre 20 x \u00a020 cm Carton entoil\u00e9 d&#8217;une peinture acrylique Passe-partout et beau papier Fermeture par une vitre, un carton bois et du kraft (double \u00e9paisseur) Toutes mes toiles sont sign\u00e9es Zaza et sont certifi\u00e9es authentique au dos du cadre Accroche dor\u00e9 au dos Poids 340 gr<\/p>\n","protected":false},"featured_media":1989,"template":"","meta":[],"product_cat":[29],"product_tag":[43],"aioseo_notices":[],"_links":{"self":[{"href":"https:\/\/www.lapiquesse.fr\/index.php\/wp-json\/wp\/v2\/product\/1935"}],"collection":[{"href":"https:\/\/www.lapiquesse.fr\/index.php\/wp-json\/wp\/v2\/product"}],"about":[{"href":"https:\/\/www.lapiquesse.fr\/index.php\/wp-json\/wp\/v2\/types\/product"}],"wp:featuredmedia":[{"embeddable":true,"href":"https:\/\/www.lapiquesse.fr\/index.php\/wp-json\/wp\/v2\/media\/1989"}],"wp:attachment":[{"href":"https:\/\/www.lapiquesse.fr\/index.php\/wp-json\/wp\/v2\/media?parent=1935"}],"wp:term":[{"taxonomy":"product_cat","embeddable":true,"href":"https:\/\/www.lapiquesse.fr\/index.php\/wp-json\/wp\/v2\/product_cat?post=1935"},{"taxonomy":"product_tag","embeddable":true,"href":"https:\/\/www.lapiquesse.fr\/index.php\/wp-json\/wp\/v2\/product_tag?post=1935"}],"curies":[{"name":"wp","href":"https:\/\/api.w.org\/{rel}","templated":true}]}}