{"id":3369,"date":"2023-05-24T17:51:46","date_gmt":"2023-05-24T15:51:46","guid":{"rendered":"https:\/\/www.lapiquesse.fr\/?post_type=product&#038;p=3369"},"modified":"2024-12-05T12:27:41","modified_gmt":"2024-12-05T11:27:41","slug":"les-belles-printanieres","status":"publish","type":"product","link":"https:\/\/www.lapiquesse.fr\/index.php\/produit\/les-belles-printanieres\/","title":{"rendered":"LES BELLES PRINTANIERES"},"content":{"rendered":"<p>Linogravure format 25&#215;50 en 50 exemplaires max<\/p>\n<p>M\u00e9lange encre Charbonnel \u00a0bleu oc\u00e9an et bleu outremer &#8211; existe en rouge<\/p>\n<p>Chaque tirage est unique selon l&#8217;impression, il peut y avoir de petites imperfections selon les points d&#8217;encrage<\/p>\n<p>Papier IMAGINE de qualit\u00e9, sans acide, son grain l\u00e9ger dit &#8220;brut de machine&#8221; car conserv\u00e9 \u00e0 l&#8217;\u00e9tat naturel a un toucher exceptionnel, 200 g\/m2<\/p>\n<p>vendu non encadr\u00e9 sur la boutique en ligne pour des facilit\u00e9s de transport mais je peux vous l&#8217;encadrer avec \u00a0une plaque de contreplaqu\u00e9, du verre et du kraft pour 35\u20ac de plus (frais d&#8217;encadrement 20\u20ac+ frais postaux 15\u20ac) me contacter &#8230;<\/p>\n<p>&nbsp;<\/p>\n","protected":false},"excerpt":{"rendered":"<p><img decoding=\"async\" loading=\"lazy\" class=\"alignnone size-medium wp-image-3370\" src=\"https:\/\/www.lapiquesse.fr\/wp-content\/uploads\/2023\/05\/BA4CF3B1-5E08-47FD-BA01-3A22D91E15B6-240x300.jpeg\" alt=\"\" width=\"240\" height=\"300\" srcset=\"https:\/\/www.lapiquesse.fr\/wp-content\/uploads\/2023\/05\/BA4CF3B1-5E08-47FD-BA01-3A22D91E15B6-240x300.jpeg 240w, https:\/\/www.lapiquesse.fr\/wp-content\/uploads\/2023\/05\/BA4CF3B1-5E08-47FD-BA01-3A22D91E15B6-600x750.jpeg 600w, https:\/\/www.lapiquesse.fr\/wp-content\/uploads\/2023\/05\/BA4CF3B1-5E08-47FD-BA01-3A22D91E15B6.jpeg 852w\" sizes=\"(max-width: 240px) 100vw, 240px\" \/><\/p>\n","protected":false},"featured_media":3377,"template":"","meta":[],"product_cat":[51],"product_tag":[],"aioseo_notices":[],"_links":{"self":[{"href":"https:\/\/www.lapiquesse.fr\/index.php\/wp-json\/wp\/v2\/product\/3369"}],"collection":[{"href":"https:\/\/www.lapiquesse.fr\/index.php\/wp-json\/wp\/v2\/product"}],"about":[{"href":"https:\/\/www.lapiquesse.fr\/index.php\/wp-json\/wp\/v2\/types\/product"}],"wp:featuredmedia":[{"embeddable":true,"href":"https:\/\/www.lapiquesse.fr\/index.php\/wp-json\/wp\/v2\/media\/3377"}],"wp:attachment":[{"href":"https:\/\/www.lapiquesse.fr\/index.php\/wp-json\/wp\/v2\/media?parent=3369"}],"wp:term":[{"taxonomy":"product_cat","embeddable":true,"href":"https:\/\/www.lapiquesse.fr\/index.php\/wp-json\/wp\/v2\/product_cat?post=3369"},{"taxonomy":"product_tag","embeddable":true,"href":"https:\/\/www.lapiquesse.fr\/index.php\/wp-json\/wp\/v2\/product_tag?post=3369"}],"curies":[{"name":"wp","href":"https:\/\/api.w.org\/{rel}","templated":true}]}}